e the highest common divisor of x and 105.
15
Suppose -2*y = y. Suppose y = -l + 66 - 22. Let u(k) = k**2 - 24*k + 91. Let g be u(20). What is the highest common divisor of l and g?
11
Suppose -3*x + 18 = -4*o - 112, 170 = 4*x - 2*o. Calculate the highest common divisor of 28 and x.
14
Let p be 5/(-15) + (-2)/(-6). Suppose -3*q + q + 320 = p. What is the highest common divisor of q and 20?
20
Let y be (-4)/(-6) + (-4700)/30. Let f be (2/(-8))/(3/y). Calculate the greatest common divisor of 91 and f.
13
Suppose 2*v - 6 = -4. Let z(m) = 2*m. Let a be z(6). Let w = a + v. What is the highest common divisor of 13 and w?
13
Suppose -p - 60 = p. Let b = p - -60. Let c(l) = -l + 5. Let t be c(-5). What is the greatest common factor of b and t?
10
Suppose -2*j - 2*j = 0. Suppose 2*a + 0*m = m + 19, -5*a + 3*m + 48 = j. Suppose 2*x = 6, -4*q + 4*x + 5 = -19. Calculate the highest common factor of a and q.
9
Let t(c) = -c**3 + 6*c**2 + 9*c + 4. Let a be t(7). Suppose 2*o = -34 - 6. Let w be (24/o)/(4/(-30)). What is the highest common factor of a and w?
9
Let j be 12/(-9)*(-9)/6. Let w be (-2)/(j + 28/(-12)). What is the greatest common factor of w and 6?
6
Suppose -7*y + 3*y + 8 = 0. Suppose 5*k = y*k + 6. Let z = k + 2. Calculate the greatest common factor of 4 and z.
4
Let d(k) = -3*k - 2. Let u be d(-5). Let p(m) = -m**3 - 11*m**2 - 3*m + 10. Let h be p(-8). Let c = -106 - h. Calculate the highest common divisor of u and c.
13
Let c(s) = -s**2 + 33. Let l be (2 - 2)*(-2)/(-4). Let z be c(l). Suppose -6*j = -5*j - 22. What is the highest common divisor of z and j?
11
Suppose 2*u + 8*z - 5*z - 18 = 0, 4*u - 2*z - 36 = 0. Let k(t) = t**3 - 9*t**2 + 1. Let w be k(u). Calculate the highest common factor of 1 and w.
1
Let a be ((-4)/6)/(6/(-153)). Let l be (0 + 2)/((-6)/(-15)). Suppose -l*j = a - 92. Calculate the greatest common divisor of 10 and j.
5
Let s be (-6)/((-10)/(-4) - 1). Let z = -2 - s. Let r be ((-8)/(-12)*2 - -2)*3. What is the greatest common divisor of z and r?
2
Suppose 0 = 5*p - 51 + 1. Calculate the greatest common divisor of p and 10.
10
Let s(w) = 16*w**2 + 9*w - 10. Let a be s(1). Calculate the highest common divisor of 240 and a.
15
Let y be 98 - 6/(-4)*20/(-15). Calculate the highest common divisor of 6 and y.
6
Suppose 3*h - 5*d = 3102, 0*d + 4168 = 4*h + 4*d. Suppose 116 = 7*o - h. Calculate the greatest common factor of 15 and o.
15
Let v be (30/(-8))/((-3)/8). Let c = -69 + 139. What is the greatest common factor of v and c?
10
Let z(l) = -6*l**2 + 2 + 5 - l**3 + l**2 + 2*l. Let k be z(-7). Calculate the highest common factor of 13 and k.
13
Let d(x) = 2*x + 8. Let p be d(0). Let s(o) = -o**2 - 5*o - 2. Let c be s(-4). Suppose -c*b = b - 48. What is the greatest common factor of p and b?
8
Suppose -5*o = y - 4*y - 406, 4*y = -8. What is the greatest common divisor of o and 10?
10
Suppose 0 = o + 1 - 8. What is the highest common divisor of 63 and o?
7
Suppose z - 51 = i, 2*z + 2*i - 222 = -2*z. Let q(r) = r**3 - 10*r**2 + 9*r. Let m be q(10). Let g = m - z. Calculate the highest common factor of g and 24.
12
Suppose -x + 4*a = 19, -17*x + 5*a = -21*x + 29. Calculate the highest common factor of x and 9.
1
Suppose -2*d - 2 + 10 = 0. Suppose 3*j + 103 = 5*s, d*s - 101 = -s + j. What is the highest common divisor of s and 8?
4
Suppose -2*t + 3 = -21. Let a = -558 + 376. Let x = 266 + a. Calculate the highest common divisor of t and x.
12
Let c be (-1519)/(-28) + (-2)/8. Let x(i) = -3*i + 3. Let t be x(-5). Calculate the highest common divisor of t and c.
18
Suppose -113 = -w - w + 5*v, 230 = 5*w - 2*v. Suppose 20 = n - 2. Calculate the greatest common divisor of n and w.
22
Let u = 6 + -8. Let r be -1*1*(u - 3). Suppose n - a = -4*a, -a = -r*n + 48. Calculate the greatest common factor of 9 and n.
9
Let n(c) = -c - 1. Let w be n(-4). Suppose -2*y = w*r - 14, 2*y - 2 = -r + 4*r. Let s be 427/63 + y/18. What is the greatest common divisor of s and 7?
7
Let r = 17 - 45. Let m = r + 88. Suppose 5*n - z = 72, 3 = n - 0*n - 4*z. What is the highest common factor of m and n?
15
Suppose -z - 2*p + p = -259, 5*z - 1330 = 2*p. Calculate the highest common divisor of 33 and z.
33
Let w be -4 + (7 - 1)/3. Let l be w/(-3) - 14/(-6). Calculate the highest common divisor of l and 33.
3
Let o be (0/(2 + 0))/2. Suppose t - 1 = -o. What is the highest common factor of t and 2?
1
Let r(m) = m**3 - 2*m**2 - 4*m + 5. Let q be r(4). Calculate the greatest common divisor of 3 and q.
3
Suppose -1 = 2*y - 7. Let s = 3 - 1. Suppose -k + 4*j = j - 4, -s*j - 2 = 0. What is the greatest common factor of k and y?
1
Let z be 3 + ((-2)/9 - 9008/(-36)). What is the highest common divisor of z and 23?
23
Suppose -4*y - 1376 = -2*r - 5560, -3*y - 3*r = -3129. Suppose 2*o + 3*o = y. What is the highest common divisor of 19 and o?
19
Let n be 1*23 - (-15)/(-2 + -3). Calculate the highest common factor of n and 50.
10
Let z = -32 - -45. Calculate the greatest common divisor of 13 and z.
13
Suppose 2*q - 16 = -2*q. Suppose 5*s = -4*p + 19, q*p + 51 = 5*s - 0*s. Let r(j) = 6*j + 7. Let c be r(s). What is the greatest common factor of 7 and c?
7
Let p(k) = -k - 6. Let t be p(-8). Suppose -t*o + 6 = -0*o. Suppose 0 = -3*l + 3*c + 15, -9 = o*l + 3*c + 2*c. Calculate the highest common divisor of 3 and l.
1
Let v(m) = m**3 - 3*m**2 - 5*m + 6. Let n be v(4). Let x(f) = f**2 - 2*f + 5. Let z be x(3). Calculate the highest common divisor of n and z.
2
Let n = 89 + 28. Calculate the highest common factor of 13 and n.
13
Let g(z) = -16*z + 1. Let a be g(1). Let b = 21 + a. What is the highest common factor of b and 6?
6
Let u be ((-1)/2)/((-1)/12). Let a(q) = -q**3 + 8*q**2 - 9*q + 2. Let p be a(u). Calculate the highest common divisor of 10 and p.
10
Let k = -20 + 26. What is the greatest common factor of k and 48?
6
Suppose -2*q - 399 = -6*q + 3*m, -q = m - 98. Let h be 4 + -17 + 2*1. Let v = 22 + h. What is the greatest common factor of v and q?
11
Suppose 29 = 4*o - 15. Suppose -4*d = -5*d + o. What is the highest common factor of 55 and d?
11
Suppose 0 = 16*s - 21*s + 1125. Calculate the highest common factor of 9 and s.
9
Let g be -4*(-10)/4 + -3. Suppose f - 14 = -f. Calculate the highest common divisor of f and g.
7
Let z be (2 - (-2 + -41))*1. Let v(s) = -s**2 - 5*s + 5. Let q be v(-4). Calculate the greatest common divisor of q and z.
9
Let v be -4 + 2 + 1 + 5. Suppose 0 = -3*q + v*q - 36. Suppose 0 = -g + 3*g - q. What is the highest common factor of 12 and g?
6
Let w(f) = 6*f**2 + 2*f - 2. Suppose -m - 3*n = -0*n + 14, -2*m - n = 3. Suppose 0 = d - 1 - m. Let q be w(d). What is the greatest common divisor of q and 39?
13
Let d = 47 + -38. What is the highest common factor of d and 6?
3
Let v be 6/(-9) + 160/15. Let l = -9 + 39. What is the greatest common divisor of l and v?
10
Let y be (0 - -3) + 8/(40/15). Calculate the greatest common factor of 12 and y.
6
Suppose -19*p + 15*p + 16 = 0. What is the greatest common divisor of 2 and p?
2
Let r be -1*((-2)/2 - 1). Let w = r - -14. What is the highest common factor of w and 16?
16
Suppose 0 = 5*l - 1 - 34. Suppose 2*d = d. Suppose -4*q - 15 = -s - 159, 3*q - s - 109 = d. Calculate the highest common factor of l and q.
7
Let a = 8 + -7. Let o(w) = -52*w + 1. Let g(v) = 51*v - 1. Let f(n) = -4*g(n) - 5*o(n). Let y be f(a). Calculate the highest common divisor of y and 5.
5
Let u = -2 - -10. What is the highest common divisor of 12 and u?
4
Suppose -3*g + 32 + 4 = 0. Let p = 21 + -15. Calculate the greatest common factor of p and g.
6
Let x(g) = 2*g**2 + 4*g - 2. Let t be x(-5). Suppose 0 = -3*o - 5*d + 10, -5*o + t = -d - 2*d. Calculate the highest common divisor of 25 and o.
5
Suppose 0 = -4*f + 8, f = -5*w + 332 - 105. Let j(o) = -2*o. Let z be j(-3). Let v(m) = m - 1. Let n be v(z). What is the highest common divisor of n and w?
5
Let j = 63 + -62. Calculate the greatest common divisor of 27 and j.
1
Suppose m = -3*r + 32, -5*r = 2*m - 6*m - 42. Let g be 1764/16 - (-1)/(-4). What is the highest common divisor of r and g?
10
Let j = -1 + 6. Suppose -t + 4*m = -14, 3*t - 3*m - m - 18 = 0. Calculate the greatest common factor of t and j.
1
Let x = -20 - -20. Suppose x*n + 8 = 4*n. What is the highest common diviso